lculate the remainder when 24 is divided by k.
11
Suppose s + 3*s = 60. What is the remainder when (-25 + -128)*(-12)/36 is divided by s?
6
Suppose o - 2*j - 10 = 0, j + 9 = 3*o - 36. What is the remainder when 197 is divided by o?
5
Suppose 4*m = b + 9, -30 = -b - 5*m - 12. Suppose -r - 435 = -x - 3*r, -b*r = -12. Calculate the remainder when x is divided by 39.
37
Let a(f) = -f**3 + 11*f**2 - 29*f + 47. Calculate the remainder when 931 is divided by a(5).
47
Let o be 7 + -3 - (-77 - -7). Suppose 57*r = 59*r + o. Calculate the remainder when 140 is divided by -2 - -2 - 1 - r.
32
Let q(c) = c**2 - 11*c + 14. Let n be q(13). Suppose 5*o - n = 10*o. Let j(g) = -3*g - 20. What is the remainder when 23 is divided by j(o)?
3
Suppose 3*u = 5*q - 37628, -4*u = -q - u + 7516. Calculate the remainder when q is divided by 30.
28
Suppose 10*p - 1380 - 460 = 0. Suppose -812*g + p = -808*g. Calculate the remainder when 182 is divided by g.
44
Suppose o = 4*o - 33. Suppose 0*w - o = -w. Let d = 3385 + -3356. Calculate the remainder when d is divided by w.
7
Let l(w) = 3*w**3 - 3*w**2 + 2*w - 1. What is the remainder when l(4) is divided by (-2394)/28*14/(-63)?
18
Let c = 219 - 121. Suppose 0 = 44*k - 51*k + c. Suppose -4*z + k*z - 550 = 0. Calculate the remainder when z is divided by 29.
26
Calculate the remainder when (-5710)/(-2*8/16*2) is divided by 28.
27
Suppose -20000*s = -20025*s + 38925. Calculate the remainder when s is divided by 309.
12
Let l(h) = h**2 + 9*h - 17. Let u be l(-11). Calculate the remainder when 10*6/u*27/2 is divided by 41.
39
Suppose 1261*i + 1651 = 1388*i. Let w = 162 + -59. What is the remainder when w is divided by i?
12
Let r = -1851 + 2458. Calculate the remainder when r is divided by 77.
68
Let k = -320 - -815. Let c = k - 480. What is the remainder when 116 is divided by c?
11
Let n(d) = d**3 + 8*d**2 - 5*d + 7. Suppose 28*x = -41*x + 15939. What is the remainder when x is divided by n(-8)?
43
Let j = -102 + 163. Suppose 62*b = j*b + 35. Calculate the remainder when 206 is divided by b.
31
Let p(m) = -m**3 + 11*m**2 + 124*m - 12. Calculate the remainder when p(17) is divided by 73.
70
Let n be ((-25)/2)/(20/(-520)). Suppose n = 5*t - 4*p - 189, t + 4*p = 122. Calculate the remainder when t is divided by 59.
47
Let u = 28 - 2. Suppose -5*k = t - 25, -89 = 16*t - 18*t + 3*k. What is the remainder when t is divided by u?
14
Let q(t) = 45*t - 1201. Calculate the remainder when 696 is divided by q(29).
72
Let w be (6/9)/((-6)/(-99)). Let b(l) = l**3 - 11*l**2 + 17*l - 29. Calculate the remainder when b(w) is divided by 23.
20
Let u(s) = 452*s + 4446. Calculate the remainder when u(-9) is divided by 170.
38
Let h(b) = 2*b**3 + 2*b**2 + b - 1. Let c = 160 - 159. Calculate the remainder when h(2) is divided by (c + (-1)/7)*7.
1
Suppose 341 - 325 = 8*r. Suppose 2*q = -4*o + 49 + 39, 2*q + r*o = 84. What is the remainder when 77 is divided by q?
37
Suppose -4*t + 10 = -5*x, 4*x + 0*x + 8 = -4*t. What is the remainder when 39 is divided by (5 + t)/(7/14)?
9
Suppose 0 = q + 1 - 72. Suppose 11*h - q = 226. Calculate the remainder when h is divided by 0 + 0 - -1 - -12.
1
Let s = 1279 - 914. What is the remainder when 245 is divided by (s/(-20) - 5)/(3/(-4))?
28
Let t(g) = 4*g**2 - 79*g + 11. Calculate the remainder when t(-24) is divided by 86.
83
Suppose 4*u - 3*r - 2101 = 0, -305*u - 2625 = -310*u + 5*r. What is the remainder when u is divided by 175?
1
Let i(r) = -r**3 + 7*r**2 + 18*r + 13. Let d be i(9). Let s = d + 10. Calculate the remainder when 136 is divided by s.
21
Suppose -406 = -189*y + 4080 + 3641. Suppose -3*o - l = -o + 53, -112 = 4*o + 4*l. Let c = o + 47. Calculate the remainder when y is divided by c.
21
Let y(a) = -29*a - 2. Suppose 0 = -14*i - 14*i + 56. Suppose -14*n = i*n - 384. Calculate the remainder when y(-3) is divided by n.
13
Let u(j) = -2*j - 18. Suppose -2*c = -4*i - 4, -i - 3 = 5*c - 13. Suppose -3*m - 29 - 19 = i. What is the remainder when 82 is divided by u(m)?
12
Let v(f) = f**3 + 9*f**2 + f + 4. Calculate the remainder when v(9) is divided by 27.
13
Suppose 6*w - 2 = 5*w. Suppose 4 = -l, d + w*l + 94 = 2*d. Let o = -43 + d. Calculate the remainder when o is divided by 17.
9
Let o(d) = -d**3 + 33*d**2 - 161*d + 29. Calculate the remainder when 104 is divided by o(6).
34
Calculate the remainder when 2471 is divided by 4/(-74) - 159711/(-5143).
22
Let x(d) = 58 - 7*d**2 - 57 + 17*d**2. What is the remainder when 17 is divided by x(1)?
6
Suppose -45*n + 4*o - 172 = -47*n, 0 = -2*n - 5*o + 174. Calculate the remainder when 162 is divided by n.
80
Let q = 10959 + -10191. Calculate the remainder when 2326 is divided by q.
22
Let i = -117 + 246. Suppose 230 = 5*x - 2*y, 4*y - 1009 + 721 = -7*x. Calculate the remainder when i is divided by x.
41
Let x(m) = 10*m + 27. Let v = 162 + -141. Calculate the remainder when x(v) is divided by 17.
16
Let j be (2/(-5))/(1/(-10)). Suppose j*v - v = 9. Let h = 44377 - 44375. Calculate the remainder when v is divided by h.
1
Suppose -4*k - k - 385 = 0. Let x be (k/1)/1*(4 - 5). Suppose -4*w - w + 3*n + x = 0, 2*w - 30 = n. What is the remainder when 24 is divided by w?
11
Suppose -2*a + 14 = 5*f, 2*f + a - 5 = 1. Suppose -3*x + 562 = t, 6*x + 2*t - 746 = f*x. Let y = x + -92. Calculate the remainder when y is divided by 20.
17
Let k = 314 + -226. Let z = -33 + 57. What is the remainder when k is divided by z?
16
Let o = 14688 - 14684. Let f(k) = 2*k**2 - k - 57. Let b(g) = -g**2 + g + 28. Let l(w) = -7*b(w) - 4*f(w). What is the remainder when 27 is divided by l(o)?
3
What is the remainder when 2091 is divided by 1780/11 + -1 + (-200)/(-1100)?
159
Let z(s) = -s**3 + 5*s**2 + 8*s - 5. Let t(o) = 56*o - 332. Calculate the remainder when z(6) is divided by t(6).
3
Suppose 0 = 72*o + 1150 - 17350. What is the remainder when o is divided by 19?
16
Suppose -203*z - 4*i + 16 = -199*z, 5*z + 2*i = 32. Suppose -4*k = k - 5*a + 300, -2*a = -k - 55. Let g = -19 - k. What is the remainder when g is divided by z?
6
What is the remainder when 8935/6 - (-4565)/2490 is divided by 741?
9
Let d(r) = -r**3 - 4*r**2 + 17*r + 8. Let g be d(-7). Let o = g - 33. Let y(z) = 5*z + 4. What is the remainder when 92 is divided by y(o)?
16
Let k be ((-2)/(-4))/(((-5)/(-5))/6). Let v be (k/9)/((-2)/(-18)). Suppose -4*d = v*t - 133 - 0, -2*d = 2*t - 68. What is the remainder when d is divided by 16?
15
Let k(c) = -c**2 + 506*c + 2045. What is the remainder when 6*(62/3 - 1) is divided by k(-4)?
3
Suppose 3*g = -u + 262, -84 = 40*g - 41*g - u. Let x(p) = 4*p**2 + 7*p - 12. Calculate the remainder when g is divided by x(-4).
17
Suppose b - 1070 - 1816 = a, -2*a = b - 2868. Calculate the remainder when b is divided by 103.
99
Let p be ((-324)/(-14))/(12/168) - -1. Suppose -5*s - 4*z + 820 = -9*z, -3*z = -2*s + p. What is the remainder when s is divided by 43?
38
Let p be (23 - 1) + (16/(-4) - 1). Suppose -20*f = -p*f - 1395. What is the remainder when f is divided by 52?
49
Let b be 13/2*(-1 - -3). Suppose 3*i = -2*w + 11, 3*w - 5 + b = -i. Suppose 4*l - 3*m - 156 = -m, -5*m = 0. What is the remainder when l is divided by i?
4
Let j = -10189 - -11155. What is the remainder when j is divided by 96?
6
Suppose 64*q + 196 = 71*q. Suppose -12*c + 340 = q. Calculate the remainder when 29 is divided by c.
3
Let r = 551 + -532. Suppose t + 3168 = r*t. What is the remainder when t is divided by 17?
6
Let h = 202 - 220. Calculate the remainder when 80 is divided by -28*(h/4)/9.
10
Let d(t) = t - 11. Let u be d(13). Suppose -u*a - 266 = -9*a. Let r = 16 - 8. What is the remainder when a is divided by r?
6
Suppose 560 + 147 = 158*h - 83. Let r = 0 - -3. Calculate the remainder when 15/4*8/r is divided by h.
0
Suppose 53*o = 65*o - 40*o + 784. Calculate the remainder when 75 is divided by o.
19
Let m = -618 + 206. Let z = m + 433. What is the remainder when 33 is divided by z?
12
Suppose -6*x + 244 + 764 = 0. Suppose -8*c + x = 20*c. Let z(v) = -v**3 + v**2 + v + 19. What is the remainder when z(0) is divided by c?
1
Suppose -80*c + 79*c = 4*f - 61, -f = -4*c + 210. Calculate the remainder when 219 is divided by c.
7
Let b(z) = -7*z**3 - 2*z**2 + 2. Let r be b(1). Let q = r - -21. Suppose -1 + 55 = v. What is the 